{"id":918,"date":"2022-03-20T12:44:24","date_gmt":"2022-03-20T12:44:24","guid":{"rendered":"https:\/\/signalwerk-leben.de\/?page_id=918"},"modified":"2023-02-02T10:12:45","modified_gmt":"2023-02-02T10:12:45","slug":"sex-erotik","status":"publish","type":"page","link":"https:\/\/signalwerk-leben.de\/?page_id=918","title":{"rendered":"Sex &#038; Erotik"},"content":{"rendered":"\t\t<div data-elementor-type=\"wp-page\" data-elementor-id=\"918\" class=\"elementor elementor-918\" data-elementor-settings=\"[]\">\n\t\t\t<div class=\"elementor-inner\">\n\t\t\t\t<div class=\"elementor-section-wrap\">\n\t\t\t\t\t\t\t<section class=\"elementor-element elementor-element-49b85171 elementor-section-boxed elementor-section-height-default elementor-section-height-default elementor-section elementor-top-section\" data-id=\"49b85171\" data-element_type=\"section\">\n\t\t\t\t\t\t<div class=\"elementor-container elementor-column-gap-default\">\n\t\t\t\t<div class=\"elementor-row\">\n\t\t\t\t<div class=\"elementor-element elementor-element-4b791c76 elementor-column elementor-col-50 elementor-top-column\" data-id=\"4b791c76\" data-element_type=\"column\">\n\t\t\t<div class=\"elementor-column-wrap  elementor-element-populated\">\n\t\t\t\t\t<div class=\"elementor-widget-wrap\">\n\t\t\t\t<div class=\"elementor-element elementor-element-7d0ab52f elementor-widget elementor-widget-image\" data-id=\"7d0ab52f\" data-element_type=\"widget\" data-widget_type=\"image.default\">\n\t\t\t\t<div class=\"elementor-widget-container\">\n\t\t\t\t\t<div class=\"elementor-image\">\n\t\t\t\t\t\t\t\t\t\t<img width=\"814\" height=\"199\" src=\"https:\/\/signalwerk-leben.de\/wp-content\/uploads\/2023\/01\/Bosch45.jpeg\" class=\"attachment-large size-large\" alt=\"\" loading=\"lazy\" srcset=\"https:\/\/signalwerk-leben.de\/wp-content\/uploads\/2023\/01\/Bosch45.jpeg 814w, https:\/\/signalwerk-leben.de\/wp-content\/uploads\/2023\/01\/Bosch45-300x73.jpeg 300w, https:\/\/signalwerk-leben.de\/wp-content\/uploads\/2023\/01\/Bosch45-768x188.jpeg 768w\" sizes=\"(max-width: 814px) 100vw, 814px\" \/>\t\t\t\t\t\t\t\t\t\t\t<\/div>\n\t\t\t\t<\/div>\n\t\t\t\t<\/div>\n\t\t\t\t\t\t<\/div>\n\t\t\t<\/div>\n\t\t<\/div>\n\t\t\t\t<div class=\"elementor-element elementor-element-44e98220 elementor-column elementor-col-50 elementor-top-column\" data-id=\"44e98220\" data-element_type=\"column\">\n\t\t\t<div class=\"elementor-column-wrap\">\n\t\t\t\t\t<div class=\"elementor-widget-wrap\">\n\t\t\t\t\t\t<\/div>\n\t\t\t<\/div>\n\t\t<\/div>\n\t\t\t\t\t\t<\/div>\n\t\t\t<\/div>\n\t\t<\/section>\n\t\t\t\t<section class=\"elementor-element elementor-element-229625d elementor-section-boxed elementor-section-height-default elementor-section-height-default elementor-section elementor-top-section\" data-id=\"229625d\" data-element_type=\"section\">\n\t\t\t\t\t\t<div class=\"elementor-container elementor-column-gap-default\">\n\t\t\t\t<div class=\"elementor-row\">\n\t\t\t\t<div class=\"elementor-element elementor-element-f8175d7 elementor-column elementor-col-100 elementor-top-column\" data-id=\"f8175d7\" data-element_type=\"column\">\n\t\t\t<div class=\"elementor-column-wrap  elementor-element-populated\">\n\t\t\t\t\t<div class=\"elementor-widget-wrap\">\n\t\t\t\t<div class=\"elementor-element elementor-element-e695865 elementor-align-center elementor-widget elementor-widget-mega-menu\" data-id=\"e695865\" data-element_type=\"widget\" data-widget_type=\"mega-menu.default\">\n\t\t\t\t<div class=\"elementor-widget-container\">\n\t\t\t\t\t\n\t\t<nav itemtype=\"http:\/\/schema.org\/SiteNavigationElement\" itemscope=\"itemscope\" class=\"cbp-hsmenu-wrapper\" id=\"cbp-hsmenu-wrapper\">\n\t\t\t<div class=\"cbp-hsinner\">\n\t\t\t\t<ul id=\"mega-menu\" class=\"cbp-hsmenu\"><li id=\"menu-item-909\" class=\"menu-item menu-item-type-post_type menu-item-object-page menu-item-909\"><a href=\"https:\/\/signalwerk-leben.de\/?page_id=754\">Mensch renoviere Dich!<\/a><\/li>\n<li id=\"menu-item-910\" class=\"menu-item menu-item-type-post_type menu-item-object-page menu-item-910\"><a href=\"https:\/\/signalwerk-leben.de\/?page_id=756\">Selbstregierung<\/a><\/li>\n<li id=\"menu-item-911\" class=\"menu-item menu-item-type-post_type menu-item-object-page menu-item-911\"><a href=\"https:\/\/signalwerk-leben.de\/?page_id=56\">Psychotherapie<\/a><\/li>\n<li id=\"menu-item-912\" class=\"menu-item menu-item-type-post_type menu-item-object-page menu-item-912\"><a href=\"https:\/\/signalwerk-leben.de\/?page_id=58\">Gastrosophie<\/a><\/li>\n<li id=\"menu-item-932\" class=\"menu-item menu-item-type-post_type menu-item-object-page menu-item-932\"><a href=\"https:\/\/signalwerk-leben.de\/?page_id=896\">Agiles Management<\/a><\/li>\n<li id=\"menu-item-933\" class=\"menu-item menu-item-type-post_type menu-item-object-page menu-item-933\"><a href=\"https:\/\/signalwerk-leben.de\/?page_id=918\">Sex &#038; Erotik<\/a><\/li>\n<\/ul>\t\t\t<\/div>\n\t\t<\/nav>\n\t\t\t\t<\/div>\n\t\t\t\t<\/div>\n\t\t\t\t\t\t<\/div>\n\t\t\t<\/div>\n\t\t<\/div>\n\t\t\t\t\t\t<\/div>\n\t\t\t<\/div>\n\t\t<\/section>\n\t\t\t\t<section class=\"elementor-element elementor-element-dba9a34 elementor-section-boxed elementor-section-height-default elementor-section-height-default elementor-section elementor-top-section\" data-id=\"dba9a34\" data-element_type=\"section\">\n\t\t\t\t\t\t<div class=\"elementor-container elementor-column-gap-default\">\n\t\t\t\t<div class=\"elementor-row\">\n\t\t\t\t<div class=\"elementor-element elementor-element-b2e96e3 elementor-column elementor-col-100 elementor-top-column\" data-id=\"b2e96e3\" data-element_type=\"column\">\n\t\t\t<div class=\"elementor-column-wrap  elementor-element-populated\">\n\t\t\t\t\t<div class=\"elementor-widget-wrap\">\n\t\t\t\t<div class=\"elementor-element elementor-element-6c58a108 elementor-widget elementor-widget-divider\" data-id=\"6c58a108\" data-element_type=\"widget\" data-widget_type=\"divider.default\">\n\t\t\t\t<div class=\"elementor-widget-container\">\n\t\t\t\t\t<div class=\"elementor-divider\">\n\t\t\t<span class=\"elementor-divider-separator\">\n\t\t\t\t\t\t<\/span>\n\t\t<\/div>\n\t\t\t\t<\/div>\n\t\t\t\t<\/div>\n\t\t\t\t\t\t<\/div>\n\t\t\t<\/div>\n\t\t<\/div>\n\t\t\t\t\t\t<\/div>\n\t\t\t<\/div>\n\t\t<\/section>\n\t\t\t\t<section class=\"elementor-element elementor-element-74ee5d75 elementor-section-boxed elementor-section-height-default elementor-section-height-default elementor-section elementor-top-section\" data-id=\"74ee5d75\" data-element_type=\"section\">\n\t\t\t\t\t\t<div class=\"elementor-container elementor-column-gap-default\">\n\t\t\t\t<div class=\"elementor-row\">\n\t\t\t\t<div class=\"elementor-element elementor-element-479b0cdc elementor-column elementor-col-50 elementor-top-column\" data-id=\"479b0cdc\" data-element_type=\"column\">\n\t\t\t<div class=\"elementor-column-wrap  elementor-element-populated\">\n\t\t\t\t\t<div class=\"elementor-widget-wrap\">\n\t\t\t\t<section class=\"elementor-element elementor-element-fbee7a6 elementor-section-boxed elementor-section-height-default elementor-section-height-default elementor-section elementor-inner-section\" data-id=\"fbee7a6\" data-element_type=\"section\">\n\t\t\t\t\t\t<div class=\"elementor-container elementor-column-gap-default\">\n\t\t\t\t<div class=\"elementor-row\">\n\t\t\t\t<div class=\"elementor-element elementor-element-df33b64 elementor-column elementor-col-100 elementor-inner-column\" data-id=\"df33b64\" data-element_type=\"column\">\n\t\t\t<div class=\"elementor-column-wrap  elementor-element-populated\">\n\t\t\t\t\t<div class=\"elementor-widget-wrap\">\n\t\t\t\t<div class=\"elementor-element elementor-element-4697986 elementor-widget elementor-widget-text-editor\" data-id=\"4697986\" data-element_type=\"widget\" data-widget_type=\"text-editor.default\">\n\t\t\t\t<div class=\"elementor-widget-container\">\n\t\t\t\t\t<div class=\"elementor-text-editor elementor-clearfix\"><h3 class=\"western\" align=\"justify\"><strong>Seminarplan <br \/><\/strong><\/h3><p align=\"justify\"><img loading=\"lazy\" class=\" wp-image-336 alignleft\" src=\"https:\/\/signalwerk-leben.de\/wp-content\/uploads\/2018\/07\/noeuds-300x180.jpeg\" alt=\"\" width=\"163\" height=\"98\" srcset=\"https:\/\/signalwerk-leben.de\/wp-content\/uploads\/2018\/07\/noeuds-300x180.jpeg 300w, https:\/\/signalwerk-leben.de\/wp-content\/uploads\/2018\/07\/noeuds-768x460.jpeg 768w, https:\/\/signalwerk-leben.de\/wp-content\/uploads\/2018\/07\/noeuds.jpeg 897w\" sizes=\"(max-width: 163px) 100vw, 163px\" \/>Ein Tagesseminar besteht aus vier Themen \u00e0 90 Minuten Dauer (6h Gesamtdauer). Es bohrt die Teilnehmer nicht seelisch an, sondern entwickelt einen Zugriff auf das als Ding unter Dingen Unber\u00fchrbare.<\/p><h4 align=\"justify\">1. erotische Ber\u00fchrung<\/h4><p align=\"justify\">In der Erotik geht es darum, das zu ergreifen und zu ber\u00fchren, was noch nicht ist, was blo\u00dfe M\u00f6glichkeit bleibt, darin aber schon Wirklichkeit ist. Die Erotik ist damit ein Danebengreifen, kein Hingreifen und kein Festhalten. Es ist ein Danebengreifen, weil man das ber\u00fchrt, was gar nicht ber\u00fchrbar ist. Ber\u00fchrt wird im Streicheln, K\u00fcssen, Fummeln und Reiben das, was in Zeit und Raum erst noch kommen wird.<\/p><p align=\"justify\">Die M\u00f6glichkeiten werden so zur lustvollen Wirklichkeit. Die Zukunft wird zur Gegenwart, das Gleich zum Jetzt, so wie das Hier zum Dort wird. Wer die erotische Lust hemmungslos durch alle K\u00f6rper\u00f6ffnungen schweifen lassen will, findet darin eine gute Formel und betreibt eine Politik der Lust.<\/p><h4 align=\"justify\">2. Bezeugung<\/h4><p align=\"justify\">Bezeugung ist die gro\u00dfe Schwester des Lobs. Wer gelobt wird, der wird in seiner Leistung anerkannt. Wer aber bezeugt wird, der wird in seinem blo\u00dfen Dasein best\u00e4rkt und bekr\u00e4ftigt. Ein freundlicher Blick reicht zur Bezeugung, z\u00e4rtlich streichelnde H\u00e4nde oder aufmerksam gespitzte Ohren. Der Psychotherapeut versteht sich auf das Bezeugen im achtsamen Zuh\u00f6ren, der Hund im treuherzigen Blick und die Erotik in der Ber\u00fchrung. Die sinnliche Bezeugung ist dabei leider aus der Mode geraten, l\u00e4sst sich aber durch die Philosophie der Beglaubigung, Bekr\u00e4ftigung und Bezeugung wieder in die Erinnerung bringen.<\/p><h4 align=\"justify\">3. Liebesmuskel<\/h4><p align=\"justify\">Wenn Muskeln einander ber\u00fchren, werden sie in ihrer sachlichen Anwesenheit oft entschieden unsachlich. Das passiert so beim Lachen, bei dem Zwerchfell, Bauch und Brustmuskeln zur Lachr\u00f6hre werden. Beim Lachen strengt man seine Muskeln an, um auszuatmen und h\u00e4lt diesen Atem gleichzeitig immer wieder kurz an. Ein Umsturz im Sektor Humor ist die Folge. Das l\u00e4sst sich auf Erotik und Sex \u00fcbertragen, wo die innerleibliche Ber\u00fchrung der Muskeln ein Schl\u00fcssel f\u00fcr Sinnlichkeit ist.<\/p><h4 align=\"justify\">4. Inkarnation<\/h4><p align=\"justify\">Die erotische Ber\u00fchrung ist niemals den Tatsachen verpflichtet. Weder n\u00fcchtern noch sachlich, ist sie immer eine phantastische Ausschm\u00fcckung. Das geht sogar soweit, das mit Lust zu ber\u00fchren, das gar nicht da ist. Was blo\u00dfe Vorstellung, Phantasie und reines Vorurteil ist, l\u00e4sst sich aber durchaus sinnlich erleben.<\/p><p align=\"justify\">Beim Sex ist das wohlbekannt, denkt man an die vielen namenlosen Fl\u00fcssigkeiten, glitschig, schleimig und oft auch stinkend, die man begierig ber\u00fchrt und sich einverleibt. Es ist aber anders als beim Wildschwein, dass sich gl\u00fccklich im Schlamm von guter Qualit\u00e4t sudelt. Dem Schwein geht es n\u00e4mlich wirklich um den Schlamm als solchen, w\u00e4hrend es dem Menschen beim Sex darum geht, Ger\u00fcche und Sekrete als willkommenen und neu erfunden Schmutz zu erleben.<\/p><p><strong><img loading=\"lazy\" class=\"size-medium wp-image-922 alignleft\" src=\"https:\/\/signalwerk-leben.de\/wp-content\/uploads\/2022\/03\/Cover-Sex-Erotik-II-247x300.png\" alt=\"\" width=\"247\" height=\"300\" srcset=\"https:\/\/signalwerk-leben.de\/wp-content\/uploads\/2022\/03\/Cover-Sex-Erotik-II-247x300.png 247w, https:\/\/signalwerk-leben.de\/wp-content\/uploads\/2022\/03\/Cover-Sex-Erotik-II-844x1024.png 844w, https:\/\/signalwerk-leben.de\/wp-content\/uploads\/2022\/03\/Cover-Sex-Erotik-II-768x932.png 768w, https:\/\/signalwerk-leben.de\/wp-content\/uploads\/2022\/03\/Cover-Sex-Erotik-II-1266x1536.png 1266w, https:\/\/signalwerk-leben.de\/wp-content\/uploads\/2022\/03\/Cover-Sex-Erotik-II-1689x2048.png 1689w\" sizes=\"(max-width: 247px) 100vw, 247px\" \/><\/strong><\/p><p><strong>Sex. Abk\u00fcrzungen &amp; Umwege<\/strong><\/p><p>Brosch\u00fcre zu den Inhalten des Seminars. Umfang: 60 Seiten.\u00a0<\/p><p>Auf Anfrage.<\/p><\/div>\n\t\t\t\t<\/div>\n\t\t\t\t<\/div>\n\t\t\t\t\t\t<\/div>\n\t\t\t<\/div>\n\t\t<\/div>\n\t\t\t\t\t\t<\/div>\n\t\t\t<\/div>\n\t\t<\/section>\n\t\t\t\t<section class=\"elementor-element elementor-element-47c1e524 elementor-section-boxed elementor-section-height-default elementor-section-height-default elementor-section elementor-inner-section\" data-id=\"47c1e524\" data-element_type=\"section\">\n\t\t\t\t\t\t<div class=\"elementor-container elementor-column-gap-default\">\n\t\t\t\t<div class=\"elementor-row\">\n\t\t\t\t<div class=\"elementor-element elementor-element-3e6d0968 elementor-column elementor-col-50 elementor-inner-column\" data-id=\"3e6d0968\" data-element_type=\"column\">\n\t\t\t<div class=\"elementor-column-wrap  elementor-element-populated\">\n\t\t\t\t\t<div class=\"elementor-widget-wrap\">\n\t\t\t\t<div class=\"elementor-element elementor-element-62a8a3e0 elementor-widget elementor-widget-text-editor\" data-id=\"62a8a3e0\" data-element_type=\"widget\" data-widget_type=\"text-editor.default\">\n\t\t\t\t<div class=\"elementor-widget-container\">\n\t\t\t\t\t<div class=\"elementor-text-editor elementor-clearfix\"><\/div>\n\t\t\t\t<\/div>\n\t\t\t\t<\/div>\n\t\t\t\t\t\t<\/div>\n\t\t\t<\/div>\n\t\t<\/div>\n\t\t\t\t<div class=\"elementor-element elementor-element-514f76ed elementor-column elementor-col-50 elementor-inner-column\" data-id=\"514f76ed\" data-element_type=\"column\">\n\t\t\t<div class=\"elementor-column-wrap  elementor-element-populated\">\n\t\t\t\t\t<div class=\"elementor-widget-wrap\">\n\t\t\t\t<div class=\"elementor-element elementor-element-11ef4b39 elementor-widget elementor-widget-text-editor\" data-id=\"11ef4b39\" data-element_type=\"widget\" data-widget_type=\"text-editor.default\">\n\t\t\t\t<div class=\"elementor-widget-container\">\n\t\t\t\t\t<div class=\"elementor-text-editor elementor-clearfix\"><\/div>\n\t\t\t\t<\/div>\n\t\t\t\t<\/div>\n\t\t\t\t\t\t<\/div>\n\t\t\t<\/div>\n\t\t<\/div>\n\t\t\t\t\t\t<\/div>\n\t\t\t<\/div>\n\t\t<\/section>\n\t\t\t\t\t\t<\/div>\n\t\t\t<\/div>\n\t\t<\/div>\n\t\t\t\t<div class=\"elementor-element elementor-element-f411b7d elementor-column elementor-col-50 elementor-top-column\" data-id=\"f411b7d\" data-element_type=\"column\">\n\t\t\t<div class=\"elementor-column-wrap  elementor-element-populated\">\n\t\t\t\t\t<div class=\"elementor-widget-wrap\">\n\t\t\t\t<div class=\"elementor-element elementor-element-8ce649a elementor-widget elementor-widget-text-editor\" data-id=\"8ce649a\" data-element_type=\"widget\" data-widget_type=\"text-editor.default\">\n\t\t\t\t<div class=\"elementor-widget-container\">\n\t\t\t\t\t<div class=\"elementor-text-editor elementor-clearfix\"><h3>Sex &amp; Erotik<\/h3><p align=\"justify\">Guter Sex beruht darauf, mehr zu ber\u00fchren als eigentlich ber\u00fchrbar ist. In der erotischen Ber\u00fchrung ber\u00fchrt man die Zukunft als M\u00f6glichkeit, die sich als Lust am Kommenden erweist. Ohne diese M\u00f6glichkeiten w\u00e4re die Ber\u00fchrung nur ein abstandsloses Haut auf Haut. Man ber\u00fchrt die eigene Phantasie (Inkarnation), die Vergangenheit (Oralsex) und die Muskeln untereinander (Orgasmus). Es gibt also stets eine Ber\u00fchrung in der Ber\u00fchrung, die erst zur Lust f\u00fchrt.<\/p><h4 align=\"justify\">Experiment mit der Spinne<\/h4><p align=\"justify\">Ein kleiner Versuch schafft Klarheit: l\u00e4uft eine Spinne den nackten R\u00fccken herunter, dann sp\u00fcrt man das Tier vor allem dort, wo es hinlaufen k\u00f6nnte. Es ist nicht so wichtig, wo die Spinne ist. Vor allem z\u00e4hlt es, in welche K\u00f6rper\u00f6ffnungen sie hinein krabbeln k\u00f6nnte. All diese gruseligen M\u00f6glichkeiten \u00fcberwiegen dann die direkte Ber\u00fchrung von Haut auf Haut: entscheidend ist das, was kommen kann und bef\u00fcrchtet wird. Die Spinne wird also dort gesp\u00fcrt, wo sie gar nicht ist. Was bei der Spinne Unbehagen ausl\u00f6st, wird in der erotischen Ber\u00fchrung zur Lust. Dort ist es auch nicht so sehr die direkte Ber\u00fchrung von Haut auf Haut, die etwas ausl\u00f6st. Es sind die vielen sch\u00f6nen M\u00f6glichkeiten. Wo die Ber\u00fchrung noch nicht ist, da ist die Lust. Sie ist in dem, was erst noch kommt, aber noch gar nicht ist. Darin steckt also die Unber\u00fchrbarkeit der Ber\u00fchrung.<\/p><h4 align=\"justify\">Versuch mit der Katze<\/h4><p align=\"justify\">Die Katze ist die einfachste erotische Materie, die man sich vorstellen kann. Mit ihr lassen sich einige Streicheleinheiten durchspielen. Dazu z\u00e4hlt das Missverst\u00e4ndnis, m\u00f6glichst viel in m\u00f6glichst kurzer Zeit zu ber\u00fchren. Die Katze l\u00e4uft dann schnell weg, weil man sie nur systematisch abtastet. Das direkte Zugreifen, die zupackende Art ist damit ein Danebengreifen, w\u00e4hrend gerade das geschickte Danebengreifen bei der Katze Eindruck macht. Sie sp\u00fcrt die Ber\u00fchrung da, wo sie noch nicht ist, gleich aber hinkommen wird. So wie die Katze ist auch die Handinnenfl\u00e4che erotisch talentiert. F\u00e4hrt man mit einem Finger dar\u00fcber, so sp\u00fcrt man ein leichtes Kitzeln: die Ber\u00fchrung wird dort gesp\u00fcrt, wo sie gleich erst noch hinkommen wird. Sie ist sich immer voraus, zeitlich und r\u00e4umlich. Es gibt also eine Lust vom Hier zum Dort, in der man immer einer Spur hinterhergeht. Es handelt sich um ein doppeltes Spiel in der Ber\u00fchrung und im Ber\u00fchrtwerden. Ich ber\u00fchre und ich werde in mir ber\u00fchrt. Etwas ber\u00fchrt mich aus mir selbst heraus. Spur hinterhergeht. Es handelt sich um ein doppeltes Spiel in der Ber\u00fchrung und im Ber\u00fchrtwerden. Ich ber\u00fchre und ich werde in mir ber\u00fchrt. Etwas ber\u00fchrt mich aus mir selbst heraus.<\/p><h4 align=\"justify\">Zugriff als Taktik<\/h4><p align=\"justify\">Das direkte Zupacken ist eines der gro\u00dfen Missverst\u00e4ndnisse in Sachen Erotik. Das zeigt sich ohne zu z\u00f6gern bei der Lust an der guten Gelegenheit. Diese Lust ist denkbar einfach: greif` zu und du hast einen guten Schnitt gemacht! Ein Liebhaber will dein altes Schrottauto zu einem Liebhaberpreis kaufen? Eine super Gelegenheit \u2013 schlag ein! Die erotische Ber\u00fchrung vereinfacht diese Lust an der guten Gelegenheit. Was gleich kommen wird, zeigt sich als sichere Lust und ist damit ein Genuss f\u00fcr sich. Die Erotik macht sich vom g\u00fcnstigen Autokauf oder vom Zufallstreffer frei und schafft ein gutes Verh\u00e4ltnis der Gegenwart zu Zukunft aus sich heraus. In der erotischen Ber\u00fchrung k\u00fcndigt sich immer schon die gute Gelegenheit des Zugreifens an. Dieses Fenster in die Zukunft als das Gute, das auf der Schwelle steht, ist das Willkommene, das nicht erst ergriffen werden muss, damit es Freude macht. In der erotischen Ber\u00fchrung gibt es so stets einen \u00dcberschuss an Zukunft, der sich als gl\u00fcckliche Ahnung des Kommenden zeigt. Wer das genie\u00dfen m\u00f6chte, braucht ein praktisches Wissen, was man eigentlich ergreift. Es ist nicht die Sache, sondern die gute Gelegenheit selbst. Sie erneuert sich in der Erotik immer wieder an sich selbst, wenn man nicht auf das Ding, auf den K\u00f6rper als Sache zur\u00fcckgreift. Wer das verstehen m\u00f6chte, kann wieder Anleihen machen: Jeder Kampfsport, ob Boxen, Karate oder Aikido arbeitet mit dieser Vertauschung von Wirklichkeit und M\u00f6glichkeit. Das Kommende ist dort die Gegenwart und bringt oft die Lust an der guten Gelegenheit mit sich. Erotik lernt man nicht, man wei\u00df immer schon Bescheid und tut so, als w\u00fcsste man alles. Doch kein Sexmeister ist vom Himmel gefallen.<\/p><\/div>\n\t\t\t\t<\/div>\n\t\t\t\t<\/div>\n\t\t\t\t\t\t<\/div>\n\t\t\t<\/div>\n\t\t<\/div>\n\t\t\t\t\t\t<\/div>\n\t\t\t<\/div>\n\t\t<\/section>\n\t\t\t\t<section class=\"elementor-element elementor-element-540e0ed0 elementor-section-boxed elementor-section-height-default elementor-section-height-default elementor-section elementor-top-section\" data-id=\"540e0ed0\" data-element_type=\"section\">\n\t\t\t\t\t\t<div class=\"elementor-container elementor-column-gap-default\">\n\t\t\t\t<div class=\"elementor-row\">\n\t\t\t\t<div class=\"elementor-element elementor-element-7469462a elementor-column elementor-col-100 elementor-top-column\" data-id=\"7469462a\" data-element_type=\"column\">\n\t\t\t<div class=\"elementor-column-wrap  elementor-element-populated\">\n\t\t\t\t\t<div class=\"elementor-widget-wrap\">\n\t\t\t\t<div class=\"elementor-element elementor-element-2dc0d62e elementor-widget elementor-widget-divider\" data-id=\"2dc0d62e\" data-element_type=\"widget\" data-widget_type=\"divider.default\">\n\t\t\t\t<div class=\"elementor-widget-container\">\n\t\t\t\t\t<div class=\"elementor-divider\">\n\t\t\t<span class=\"elementor-divider-separator\">\n\t\t\t\t\t\t<\/span>\n\t\t<\/div>\n\t\t\t\t<\/div>\n\t\t\t\t<\/div>\n\t\t\t\t\t\t<\/div>\n\t\t\t<\/div>\n\t\t<\/div>\n\t\t\t\t\t\t<\/div>\n\t\t\t<\/div>\n\t\t<\/section>\n\t\t\t\t<section class=\"elementor-element elementor-element-5302b60a elementor-section-boxed elementor-section-height-default elementor-section-height-default elementor-section elementor-top-section\" data-id=\"5302b60a\" data-element_type=\"section\">\n\t\t\t\t\t\t<div class=\"elementor-container elementor-column-gap-default\">\n\t\t\t\t<div class=\"elementor-row\">\n\t\t\t\t<div class=\"elementor-element elementor-element-36a7bb92 elementor-column elementor-col-100 elementor-top-column\" data-id=\"36a7bb92\" data-element_type=\"column\">\n\t\t\t<div class=\"elementor-column-wrap  elementor-element-populated\">\n\t\t\t\t\t<div class=\"elementor-widget-wrap\">\n\t\t\t\t<div class=\"elementor-element elementor-element-2f283a49 elementor-align-center elementor-widget elementor-widget-mega-menu\" data-id=\"2f283a49\" data-element_type=\"widget\" data-widget_type=\"mega-menu.default\">\n\t\t\t\t<div class=\"elementor-widget-container\">\n\t\t\t\t\t\n\t\t<nav itemtype=\"http:\/\/schema.org\/SiteNavigationElement\" itemscope=\"itemscope\" class=\"cbp-hsmenu-wrapper\" id=\"cbp-hsmenu-wrapper\">\n\t\t\t<div class=\"cbp-hsinner\">\n\t\t\t\t<ul id=\"mega-menu\" class=\"cbp-hsmenu\"><li id=\"menu-item-764\" class=\"menu-item menu-item-type-post_type menu-item-object-page menu-item-764\"><a href=\"https:\/\/signalwerk-leben.de\/?page_id=756\">Selbstregierung<\/a><\/li>\n<li id=\"menu-item-759\" class=\"menu-item menu-item-type-post_type menu-item-object-page menu-item-759\"><a href=\"https:\/\/signalwerk-leben.de\/?page_id=58\">Gastrosophie<\/a><\/li>\n<li id=\"menu-item-760\" class=\"menu-item menu-item-type-post_type menu-item-object-page menu-item-760\"><a href=\"https:\/\/signalwerk-leben.de\/?page_id=56\">Psychotherapie des guten Lebens<\/a><\/li>\n<li id=\"menu-item-762\" class=\"menu-item menu-item-type-post_type menu-item-object-page menu-item-762\"><a href=\"https:\/\/signalwerk-leben.de\/?page_id=754\">Mensch renoviere Dich !<\/a><\/li>\n<li id=\"menu-item-777\" class=\"menu-item menu-item-type-post_type menu-item-object-page menu-item-777\"><a href=\"https:\/\/signalwerk-leben.de\/?page_id=70\">Impressum<\/a><\/li>\n<li id=\"menu-item-935\" class=\"menu-item menu-item-type-post_type menu-item-object-page menu-item-935\"><a href=\"https:\/\/signalwerk-leben.de\/?page_id=896\">Agiles Management<\/a><\/li>\n<li id=\"menu-item-936\" class=\"menu-item menu-item-type-post_type menu-item-object-page menu-item-936\"><a href=\"https:\/\/signalwerk-leben.de\/?page_id=918\">Sex &#038; Erotik<\/a><\/li>\n<\/ul>\t\t\t<\/div>\n\t\t<\/nav>\n\t\t\t\t<\/div>\n\t\t\t\t<\/div>\n\t\t\t\t\t\t<\/div>\n\t\t\t<\/div>\n\t\t<\/div>\n\t\t\t\t\t\t<\/div>\n\t\t\t<\/div>\n\t\t<\/section>\n\t\t\t\t<section class=\"elementor-element elementor-element-1aa2d0a elementor-section-boxed elementor-section-height-default elementor-section-height-default elementor-section elementor-top-section\" data-id=\"1aa2d0a\" data-element_type=\"section\">\n\t\t\t\t\t\t<div class=\"elementor-container elementor-column-gap-default\">\n\t\t\t\t<div class=\"elementor-row\">\n\t\t\t\t<div class=\"elementor-element elementor-element-4a2b7aa elementor-column elementor-col-100 elementor-top-column\" data-id=\"4a2b7aa\" data-element_type=\"column\">\n\t\t\t<div class=\"elementor-column-wrap\">\n\t\t\t\t\t<div class=\"elementor-widget-wrap\">\n\t\t\t\t\t\t<\/div>\n\t\t\t<\/div>\n\t\t<\/div>\n\t\t\t\t\t\t<\/div>\n\t\t\t<\/div>\n\t\t<\/section>\n\t\t\t\t\t\t<\/div>\n\t\t\t<\/div>\n\t\t<\/div>\n\t\t","protected":false},"excerpt":{"rendered":"<p>Mensch renoviere Dich! Selbstregierung Psychotherapie Gastrosophie Agiles Management Sex &#038; Erotik Seminarplan Ein Tagesseminar besteht aus vier Themen \u00e0 90 Minuten Dauer (6h Gesamtdauer). Es&hellip;<\/p>\n","protected":false},"author":1,"featured_media":0,"parent":0,"menu_order":0,"comment_status":"closed","ping_status":"closed","template":"template-page-builder-no-header-footer.php","meta":[],"_links":{"self":[{"href":"https:\/\/signalwerk-leben.de\/index.php?rest_route=\/wp\/v2\/pages\/918"}],"collection":[{"href":"https:\/\/signalwerk-leben.de\/index.php?rest_route=\/wp\/v2\/pages"}],"about":[{"href":"https:\/\/signalwerk-leben.de\/index.php?rest_route=\/wp\/v2\/types\/page"}],"author":[{"embeddable":true,"href":"https:\/\/signalwerk-leben.de\/index.php?rest_route=\/wp\/v2\/users\/1"}],"replies":[{"embeddable":true,"href":"https:\/\/signalwerk-leben.de\/index.php?rest_route=%2Fwp%2Fv2%2Fcomments&post=918"}],"version-history":[{"count":10,"href":"https:\/\/signalwerk-leben.de\/index.php?rest_route=\/wp\/v2\/pages\/918\/revisions"}],"predecessor-version":[{"id":1113,"href":"https:\/\/signalwerk-leben.de\/index.php?rest_route=\/wp\/v2\/pages\/918\/revisions\/1113"}],"wp:attachment":[{"href":"https:\/\/signalwerk-leben.de\/index.php?rest_route=%2Fwp%2Fv2%2Fmedia&parent=918"}],"curies":[{"name":"wp","href":"https:\/\/api.w.org\/{rel}","templated":true}]}}